{"id":72597,"date":"2023-03-27T20:09:00","date_gmt":"2023-03-27T13:09:00","guid":{"rendered":"https:\/\/neuzamariano.com\/loja\/?post_type=product&#038;p=72597"},"modified":"2026-05-01T17:49:19","modified_gmt":"2026-05-01T10:49:19","slug":"sulwhasoo-gentle-cleansing-foam","status":"publish","type":"product","link":"https:\/\/neuzamariano.com\/loja\/sulwhasoo-gentle-cleansing-foam\/","title":{"rendered":"Sulwhasoo Gentle Cleansing Foam 50ml"},"content":{"rendered":"<blockquote><p>VENCEDOR DO GLOWPICK AWARDS 2021<\/p><\/blockquote>\n<p style=\"text-align: justify;\">Glowpick \u00e9 uma das plataformas de beleza mais populares e renomadas da Coreia, com uma comunidade apaixonada de mais de 1 milh\u00e3o de usu\u00e1rios. Todos os anos a plataforma realiza o \u201cGlowPick Consumer Beauty Awards\u201c, evento que apresenta os melhores produtos de beleza de 2021 com base na opini\u00e3o real de seus usu\u00e1rios.<\/p>\n<p style=\"text-align: justify;\">\u25fe Um gel de limpeza coreano que remove suavemente a sujeira da pele, a maquiagem e as impurezas dos poros enquanto suaviza a pele com uma mistura rica em nutrientes de ingredientes bot\u00e2nicos, incluindo casca de frutas c\u00edtricas e extrato de casca de castanha.<\/p>\n<p style=\"text-align: justify;\">\u25fe Indicado para todos os tipos de pele<\/p>\n<p style=\"text-align: justify;\">\u25fe Classificado no. 1 na categoria de limpeza<\/p>\n<p style=\"text-align: justify;\">\u25fe Gel de limpeza macio forma uma espuma rica para limpar a pele de forma completa e confort\u00e1vel<\/p>\n<p style=\"text-align: justify;\">\u25fe Sai com a lavagem para deixar um acabamento semi-orvalhado e uma sensa\u00e7\u00e3o refrescada e hidratada<\/p>\n<p>\u25fe 50ml<\/p>\n<p style=\"text-align: justify;\"><strong>Ingredientes estrela:<\/strong><\/p>\n<p style=\"text-align: justify;\">Hydra Capture Complex\u2122: Fornece hidrata\u00e7\u00e3o durante a limpeza para uma pele bem equilibrada<\/p>\n<p style=\"text-align: justify;\">Mulberry Leaf Extract and Mountain Yam Extract: Ajuda a suavizar a textura da pele<\/p>\n","protected":false},"excerpt":{"rendered":"<p>face gel<\/p>\n","protected":false},"featured_media":178175,"comment_status":"open","ping_status":"closed","template":"","meta":{"inline_featured_image":false},"products\/brands":[4178],"product_cat":[5115,8735,8705],"product_tag":[5038,22519,4004,4867],"class_list":{"0":"post-72597","1":"product","2":"type-product","3":"status-publish","4":"has-post-thumbnail","6":"product_brand-sulwhasoo","7":"product_cat-cuidados-de-pele","8":"product_cat-espuma-gel-limpeza","9":"product_cat-limpeza","10":"product_tag-armazem-krabi","11":"product_tag-compra-1-leva-1","12":"product_tag-sulwhasoo","13":"product_tag-sulwhasoo-gentle-cleansing-foam","14":"product_shipping_class-armazem-tailandia","16":"first","17":"instock","18":"taxable","19":"shipping-taxable","20":"purchasable","21":"product-type-simple"},"_links":{"self":[{"href":"https:\/\/neuzamariano.com\/loja\/wp-json\/wp\/v2\/product\/72597","targetHints":{"allow":["GET"]}}],"collection":[{"href":"https:\/\/neuzamariano.com\/loja\/wp-json\/wp\/v2\/product"}],"about":[{"href":"https:\/\/neuzamariano.com\/loja\/wp-json\/wp\/v2\/types\/product"}],"replies":[{"embeddable":true,"href":"https:\/\/neuzamariano.com\/loja\/wp-json\/wp\/v2\/comments?post=72597"}],"wp:featuredmedia":[{"embeddable":true,"href":"https:\/\/neuzamariano.com\/loja\/wp-json\/wp\/v2\/media\/178175"}],"wp:attachment":[{"href":"https:\/\/neuzamariano.com\/loja\/wp-json\/wp\/v2\/media?parent=72597"}],"wp:term":[{"taxonomy":"product_brand","embeddable":true,"href":"https:\/\/neuzamariano.com\/loja\/wp-json\/wp\/v2\/products\/brands?post=72597"},{"taxonomy":"product_cat","embeddable":true,"href":"https:\/\/neuzamariano.com\/loja\/wp-json\/wp\/v2\/product_cat?post=72597"},{"taxonomy":"product_tag","embeddable":true,"href":"https:\/\/neuzamariano.com\/loja\/wp-json\/wp\/v2\/product_tag?post=72597"}],"curies":[{"name":"wp","href":"https:\/\/api.w.org\/{rel}","templated":true}]}}