{"id":59740,"date":"2022-05-18T14:17:00","date_gmt":"2022-05-18T07:17:00","guid":{"rendered":"https:\/\/neuzamariano.com\/loja-cosmetica-asiatica\/?post_type=product&#038;p=59740"},"modified":"2026-03-19T16:27:47","modified_gmt":"2026-03-19T09:27:47","slug":"pads-de-algodao-para-tonico-e-locao","status":"publish","type":"product","link":"https:\/\/neuzamariano.com\/loja\/pads-de-algodao-para-tonico-e-locao\/","title":{"rendered":"Pads de Algod\u00e3o para T\u00f3nico e Lo\u00e7\u00e3o"},"content":{"rendered":"<p style=\"text-align: justify\">Na rotina de cuidados de pele Coreanos, s\u00e3o usados <em>Pads<\/em> de Algod\u00e3o para T\u00f3nico e Lo\u00e7\u00e3o. Este procedimento ir\u00e1 fazer com que a pele esteja mais tempo em contacto com os t\u00f3nicos e lo\u00e7\u00f5es, potenciando o seu efeito e tratamento.<\/p>\n<p style=\"text-align: justify\">Para usar basta embeber o algod\u00e3o num t\u00f3nico ou lo\u00e7\u00e3o da tua prefer\u00eancia e aplicar sobre o rosto. Deixar atuar por uns minutos, e continuar com a rotina normalmente.<\/p>\n<ul>\n<li style=\"text-align: justify\">Algod\u00e3o n\u00e3o tratado (mais suave)<\/li>\n<li style=\"text-align: justify\">100% algod\u00e3o<\/li>\n<li style=\"text-align: justify\">Sem produtos qu\u00edmicos, n\u00e3o branqueadas e biodegrad\u00e1veis<\/li>\n<li style=\"text-align: justify\">Contem 100 unidades<\/li>\n<li style=\"text-align: justify\">Tamanho 6*5 cm<\/li>\n<\/ul>\n","protected":false},"excerpt":{"rendered":"<p>face gel<\/p>\n","protected":false},"featured_media":59743,"comment_status":"open","ping_status":"closed","template":"","meta":{"inline_featured_image":false},"products\/brands":[],"product_cat":[5115,8700,8767],"product_tag":[5038,22519,2092,4703,5786,4193,4448,4194,4464,4449],"class_list":{"0":"post-59740","1":"product","2":"type-product","3":"status-publish","4":"has-post-thumbnail","6":"product_cat-cuidados-de-pele","7":"product_cat-hidratacao-facial","8":"product_cat-tonicos-e-pads","9":"product_tag-armazem-krabi","10":"product_tag-compra-1-leva-1","11":"product_tag-cosmetica-asiatica","12":"product_tag-menos-15-euros","13":"product_tag-leva-3-paga-2","14":"product_tag-pads-de-algodao-para-tonico-e-locao","15":"product_tag-produtos-para-rosto","16":"product_tag-toner-mask-cotton-pad","17":"product_tag-tonicos","18":"product_tag-essencias-e-seruns","19":"product_shipping_class-armazem-tailandia","21":"first","22":"instock","23":"featured","24":"taxable","25":"shipping-taxable","26":"purchasable","27":"product-type-simple"},"_links":{"self":[{"href":"https:\/\/neuzamariano.com\/loja\/wp-json\/wp\/v2\/product\/59740","targetHints":{"allow":["GET"]}}],"collection":[{"href":"https:\/\/neuzamariano.com\/loja\/wp-json\/wp\/v2\/product"}],"about":[{"href":"https:\/\/neuzamariano.com\/loja\/wp-json\/wp\/v2\/types\/product"}],"replies":[{"embeddable":true,"href":"https:\/\/neuzamariano.com\/loja\/wp-json\/wp\/v2\/comments?post=59740"}],"wp:featuredmedia":[{"embeddable":true,"href":"https:\/\/neuzamariano.com\/loja\/wp-json\/wp\/v2\/media\/59743"}],"wp:attachment":[{"href":"https:\/\/neuzamariano.com\/loja\/wp-json\/wp\/v2\/media?parent=59740"}],"wp:term":[{"taxonomy":"product_brand","embeddable":true,"href":"https:\/\/neuzamariano.com\/loja\/wp-json\/wp\/v2\/products\/brands?post=59740"},{"taxonomy":"product_cat","embeddable":true,"href":"https:\/\/neuzamariano.com\/loja\/wp-json\/wp\/v2\/product_cat?post=59740"},{"taxonomy":"product_tag","embeddable":true,"href":"https:\/\/neuzamariano.com\/loja\/wp-json\/wp\/v2\/product_tag?post=59740"}],"curies":[{"name":"wp","href":"https:\/\/api.w.org\/{rel}","templated":true}]}}