{"id":56128,"date":"2022-02-21T20:34:11","date_gmt":"2022-02-21T13:34:11","guid":{"rendered":"https:\/\/neuzamariano.com\/loja-cosmetica-asiatica\/?post_type=product&#038;p=56128"},"modified":"2026-03-19T16:45:34","modified_gmt":"2026-03-19T09:45:34","slug":"serum-de-arbutina-clareador-e-despigmentante","status":"publish","type":"product","link":"https:\/\/neuzamariano.com\/loja\/serum-de-arbutina-clareador-e-despigmentante\/","title":{"rendered":"S\u00e9rum de Arbutina &#8211; Clareador e Despigmentante"},"content":{"rendered":"<p style=\"text-align: justify;\">Alfa Arbutin \u00e9 um ingrediente ativo puro e bios sint\u00e9tico. \u00c9 um agente que clareia a pele, e que possui caracter\u00edsticas not\u00e1veis.<\/p>\n<ul style=\"text-align: justify;\">\n<li>Poderoso agente despigmentante cut\u00e2neo<\/li>\n<li>Promove clareamento e homogeneidade da tonalidade da pele<\/li>\n<li>Reduz a hiperpigmenta\u00e7\u00e3o<\/li>\n<li>Lentigos<\/li>\n<li>Melasma e Cloasma<\/li>\n<li>Sardas<\/li>\n<li>Hipercromias<\/li>\n<\/ul>\n<p style=\"text-align: justify;\">Alpha Arbutin funciona de forma mais r\u00e1pida e eficaz do que o \u00e1cido k\u00f3jico, por exemplo. Por outro lado \u00e9 muito menos irritante.<\/p>\n<p>Cont\u00e9m 30ml<\/p>\n","protected":false},"excerpt":{"rendered":"<p>face gel<\/p>\n","protected":false},"featured_media":56150,"comment_status":"open","ping_status":"closed","template":"","meta":{"inline_featured_image":false},"products\/brands":[],"product_cat":[5115,8769],"product_tag":[5038,22519,2092,4441,4448,4074,4464,4449],"class_list":{"0":"post-56128","1":"product","2":"type-product","3":"status-publish","4":"has-post-thumbnail","6":"product_cat-cuidados-de-pele","7":"product_cat-tratamentos-acne-e-manchas","8":"product_tag-armazem-krabi","9":"product_tag-compra-1-leva-1","10":"product_tag-cosmetica-asiatica","11":"product_tag-manchas","12":"product_tag-produtos-para-rosto","13":"product_tag-serum-de-arbutina","14":"product_tag-tonicos","15":"product_tag-essencias-e-seruns","16":"product_shipping_class-armazem-tailandia","18":"first","19":"instock","20":"taxable","21":"shipping-taxable","22":"purchasable","23":"product-type-simple"},"_links":{"self":[{"href":"https:\/\/neuzamariano.com\/loja\/wp-json\/wp\/v2\/product\/56128","targetHints":{"allow":["GET"]}}],"collection":[{"href":"https:\/\/neuzamariano.com\/loja\/wp-json\/wp\/v2\/product"}],"about":[{"href":"https:\/\/neuzamariano.com\/loja\/wp-json\/wp\/v2\/types\/product"}],"replies":[{"embeddable":true,"href":"https:\/\/neuzamariano.com\/loja\/wp-json\/wp\/v2\/comments?post=56128"}],"wp:featuredmedia":[{"embeddable":true,"href":"https:\/\/neuzamariano.com\/loja\/wp-json\/wp\/v2\/media\/56150"}],"wp:attachment":[{"href":"https:\/\/neuzamariano.com\/loja\/wp-json\/wp\/v2\/media?parent=56128"}],"wp:term":[{"taxonomy":"product_brand","embeddable":true,"href":"https:\/\/neuzamariano.com\/loja\/wp-json\/wp\/v2\/products\/brands?post=56128"},{"taxonomy":"product_cat","embeddable":true,"href":"https:\/\/neuzamariano.com\/loja\/wp-json\/wp\/v2\/product_cat?post=56128"},{"taxonomy":"product_tag","embeddable":true,"href":"https:\/\/neuzamariano.com\/loja\/wp-json\/wp\/v2\/product_tag?post=56128"}],"curies":[{"name":"wp","href":"https:\/\/api.w.org\/{rel}","templated":true}]}}