{"id":55919,"date":"2022-02-18T18:57:00","date_gmt":"2022-02-18T11:57:00","guid":{"rendered":"https:\/\/neuzamariano.com\/loja-cosmetica-asiatica\/?post_type=product&#038;p=55919"},"modified":"2026-03-19T16:46:08","modified_gmt":"2026-03-19T09:46:08","slug":"shiseido-senka-perfect-whip-foam","status":"publish","type":"product","link":"https:\/\/neuzamariano.com\/loja\/shiseido-senka-perfect-whip-foam\/","title":{"rendered":"Shiseido Senka Perfect Whip Foam"},"content":{"rendered":"<blockquote><p>N\u00ba1 de vendas no Jap\u00e3o<\/p><\/blockquote>\n<p style=\"text-align: justify\">A cultura Japonesa \u00e9 conhecida e caracterizada por ter imensos rituais, alguns deles relacionados com a cerimonia do ch\u00e1. Outro dos rituais est\u00e1 intimamente relacionado com os cuidados de pele. Apesar de a <em>J-Beauty<\/em> ser minimalista, \u00e9 deveras completa e ritual\u00edstica. Limpar bem a pele do rosto \u00e9 o come\u00e7o de tudo, e este tipo de gel de limpeza Marshmallow Whip s\u00e3o os mais usados no pa\u00eds. A ideia \u00e9 fazer a espuma abundante e massajar a pele durante 2 minutos. Para os Ocidentais pode parecer muito tempo, mas para os Japoneses, este passo \u00e9 realizado com todo o rigor.<\/p>\n<p style=\"text-align: justify\">\u25fe A espuma \u00e9 t\u00e3o densa que ir\u00e1 fazer uma barreira entre os dedos e a pele do rosto, evitando fric\u00e7\u00e3o. Um estudo japon\u00eas intitulado &#8220;How the Use of Facial Cleansers Affects the Skin : Facial Washing with an Ideal Lathering for Tenderness to the Skin&#8221; e publicado no &#8220;Journal of Society of Cosmetic Chemists of Japan&#8221; mostrou de volunt\u00e1rios que formou uma espuma pobre teve mais sintomas de vermelhid\u00e3o, ard\u00eancia e descama\u00e7\u00e3o. Por outro lado, o grupo que formou a espuma ideal teve poucos efeito adversos.<\/p>\n<p style=\"text-align: justify\">\u25fe A espuma de limpeza facial limpa profundamente a sujeira e o sebo enquanto hidrata, deixando a pele limpa e radiante.<\/p>\n<p style=\"text-align: justify\">\u25fe Limpa profundamente os poros. Ao mesmo tempo, reduz o atrito entre a pele e as m\u00e3os, limitando os danos \u00e0 pele e o envelhecimento prematuro.<\/p>\n<p style=\"text-align: justify\">\u25fe A tecnologia exclusiva <strong><em>&#8220;Aqua in Pool&#8221;<\/em><\/strong> combinada com extrato de seda branca e \u00e1cido hialur\u00f4nico duplo ajuda a proteger a barreira de humidade natural da pele, deixando a pele perfeitamente limpa, mas ainda h\u00famida.<\/p>\n<p>F\u00f3rmula suave para a pele: Sem Parabenos &#8211; Sem \u00d3leo Mineral &#8211; Sem Silicone<\/p>\n<p>Pa\u00eds de origem: Jap\u00e3o<\/p>\n<p>&nbsp;<\/p>\n<p style=\"text-align: justify\">\ud83c\udf52Senka Perfect Whip Berry Bright da SHISEIDO \u00e9 um gel de limpeza facial de espuma esfoliante suave. Ajuda a recuperar a pele e a luminosidade natural com o poder natural das frutas vermelhas.<\/p>\n<p style=\"text-align: justify\">\ud83c\udf52Espuma exclusiva, rica e deliciosa de Senka agora formulada com frutas vermelhas. Esta nova f\u00f3rmula de a\u00e7\u00e3o tripla trabalha para obter uma pele mais saud\u00e1vel e brilhante. Com frutas vermelhas, a mistura de framboesa e cranberry ajuda a energizar a pele cansada e sem brilho.<\/p>\n<p style=\"text-align: justify\">\ud83c\udf52Possui uma f\u00f3rmula nutritiva e suave com Extrato de Cereja Yoshino Japon\u00eas conhecido por limpeza profunda e remove cravos, c\u00e9lulas mortas e impurezas para revelar uma pele mais brilhante, onde a ess\u00eancia de casulo de seda da Senka e o \u00e1cido hialur\u00f4nico duplo, melhora a resili\u00eancia da pele para uma humidade duradoura sem deixando uma sensa\u00e7\u00e3o de pele seca, bem como para manter a pele nutrida e macia!<\/p>\n<p>&nbsp;<\/p>\n<p>\ud83d\udc99 O gel de limpeza facial n\u00famero 1 do Jap\u00e3o. Perfect Whip \u00e9 gel de limpeza facial com uma espuma densa e ultra-rica para limpar bem a pele. Penetra nos poros para limpar impurezas e excesso de sebo. A pele fica limpa, macia e hidratada. Adequado para qualquer tipo de pele.<\/p>\n<p>\ud83d\udc99 A exclusiva bolha de sericina ajuda a remover a maquiagem, bem como a sujeira e o excesso de sebo sem remover a preciosa humidade da pele. Este limpador facial cont\u00e9m derivado de Amino\u00e1cidos Moisture-Captive para manter sua pele suave e macia.<\/p>\n<p>\ud83d\udc99 Espuma densa de limpeza, LIMPA e HIDRATA.<br \/>\nRemove o sebo, impurezas e c\u00e9lulas mortas da pele.<br \/>\nAlisa e mant\u00e9m a humidade natural da pele.<br \/>\nCont\u00e9m \u00c1cido hialur\u00f4nico.<\/p>\n<p>\ud83d\udc99 Recursos: Hidratante<br \/>\nIngrediente principal: \u00c1cido hialur\u00f4nico<br \/>\nTipo de pele: Todos os tipos, seca<\/p>\n<p>50g<\/p>\n<p style=\"text-align: justify\">Marca: SHISEIDO JAPAN<\/p>\n<p>Indicado para todos os tipo de pele<\/p>\n","protected":false},"excerpt":{"rendered":"<p>face gel<\/p>\n","protected":false},"featured_media":69849,"comment_status":"open","ping_status":"closed","template":"","meta":{"inline_featured_image":false},"products\/brands":[4660],"product_cat":[5115,8735,8705],"product_tag":[5038,22519,2092,2525,4069,3960,4454,4445,4448,4070,4068,4364,4365,4436],"class_list":{"0":"post-55919","1":"product","2":"type-product","3":"status-publish","4":"has-post-thumbnail","6":"product_brand-shiseido","7":"product_cat-cuidados-de-pele","8":"product_cat-espuma-gel-limpeza","9":"product_cat-limpeza","10":"product_tag-armazem-krabi","11":"product_tag-compra-1-leva-1","12":"product_tag-cosmetica-asiatica","13":"product_tag-cosmetica-japonesa","14":"product_tag-j-beauty","15":"product_tag-japao","16":"product_tag-normal","17":"product_tag-pele-sensivel-e-reativa","18":"product_tag-produtos-para-rosto","19":"product_tag-senka","20":"product_tag-senka-perfect-whip-berry-bright","21":"product_tag-senka-perfect-whip-shiseido","22":"product_tag-shiseido-senka-perfect-whip-foam","23":"product_tag-sinais-de-envelhecimento","24":"product_shipping_class-armazem-tailandia","26":"first","27":"instock","28":"sale","29":"taxable","30":"shipping-taxable","31":"purchasable","32":"product-type-variable"},"_links":{"self":[{"href":"https:\/\/neuzamariano.com\/loja\/wp-json\/wp\/v2\/product\/55919","targetHints":{"allow":["GET"]}}],"collection":[{"href":"https:\/\/neuzamariano.com\/loja\/wp-json\/wp\/v2\/product"}],"about":[{"href":"https:\/\/neuzamariano.com\/loja\/wp-json\/wp\/v2\/types\/product"}],"replies":[{"embeddable":true,"href":"https:\/\/neuzamariano.com\/loja\/wp-json\/wp\/v2\/comments?post=55919"}],"wp:featuredmedia":[{"embeddable":true,"href":"https:\/\/neuzamariano.com\/loja\/wp-json\/wp\/v2\/media\/69849"}],"wp:attachment":[{"href":"https:\/\/neuzamariano.com\/loja\/wp-json\/wp\/v2\/media?parent=55919"}],"wp:term":[{"taxonomy":"product_brand","embeddable":true,"href":"https:\/\/neuzamariano.com\/loja\/wp-json\/wp\/v2\/products\/brands?post=55919"},{"taxonomy":"product_cat","embeddable":true,"href":"https:\/\/neuzamariano.com\/loja\/wp-json\/wp\/v2\/product_cat?post=55919"},{"taxonomy":"product_tag","embeddable":true,"href":"https:\/\/neuzamariano.com\/loja\/wp-json\/wp\/v2\/product_tag?post=55919"}],"curies":[{"name":"wp","href":"https:\/\/api.w.org\/{rel}","templated":true}]}}