{"id":47251,"date":"2021-03-11T13:01:00","date_gmt":"2021-03-11T06:01:00","guid":{"rendered":"https:\/\/neuzamariano.com\/?post_type=product&#038;p=47251"},"modified":"2026-03-19T17:18:39","modified_gmt":"2026-03-19T10:18:39","slug":"mascara-de-ouro-para-o-rosto","status":"publish","type":"product","link":"https:\/\/neuzamariano.com\/loja\/mascara-de-ouro-para-o-rosto\/","title":{"rendered":"M\u00e1scara de Ouro para o Rosto"},"content":{"rendered":"<p style=\"text-align: justify\">O ouro \u00e9 um ingrediente muito recorrente nos tratamentos de beleza de muitos pa\u00edses Asi\u00e1ticos. Este ingrediente traz vantagens \u00fanicas \u00e0 pele.<\/p>\n<ul style=\"text-align: justify\">\n<li>Poderoso hidratante para a pele<\/li>\n<li>D\u00e3o firmeza \u00e0 pele<\/li>\n<li>A pele fica mais luminosa<\/li>\n<li>Combate os sinais de idade<\/li>\n<li>Ajuda a tornar a apar\u00eancia dos poros mais dissipados<\/li>\n<li>Reestrutura e firma a pele<\/li>\n<li>Preenche as rugas e linhas de express\u00e3o<\/li>\n<li>\u00a0Nutre, repara e aumenta a firmeza da pele<\/li>\n<li>Controla a produ\u00e7\u00e3o de oleosidade da pele<\/li>\n<\/ul>\n<h5 style=\"text-align: justify\">Como usar a M\u00e1scara de Ouro para o Rosto<\/h5>\n<ol style=\"text-align: justify\">\n<li>Limpa bem o teu rosto<\/li>\n<li>Mistura uma colher de sobremesa da M\u00e1scara de Ouro para o Rosto com mel e \u00e1gua. A quantidade de mel poder\u00e1 ser do tamanho de uma ervilha. A \u00e1gua coloca a olho, deve ser a quantidade suficiente para tornar a tua mistura numa pasta<\/li>\n<li>Aplica no teu rosto e deixa actuar 15m<\/li>\n<li>Lava o rosto com \u00e1gua<\/li>\n<\/ol>\n<p style=\"text-align: justify\">Produto de marca Koreana<\/p>\n<p style=\"text-align: justify\">O pacote cont\u00e9m 25g.<\/p>\n<p style=\"text-align: justify\">Ingredientes: triticum vulgare starch; corn; diatomaceous earth; pearl; betaine, gold.<\/p>\n","protected":false},"excerpt":{"rendered":"<p>facial mask<\/p>\n","protected":false},"featured_media":71104,"comment_status":"open","ping_status":"closed","template":"","meta":{"inline_featured_image":false},"products\/brands":[4662],"product_cat":[5115,8706,8741],"product_tag":[5038,17371,22519,2092,4451,5786,4441,3318,4443,4454,3319,4437,2020,4448],"class_list":{"0":"post-47251","1":"product","2":"type-product","3":"status-publish","4":"has-post-thumbnail","6":"product_brand-cathy-doll","7":"product_cat-cuidados-de-pele","8":"product_cat-mascaras-faciais","9":"product_cat-mascaras-lavaveis","10":"product_tag-armazem-krabi","11":"product_tag-black-friday","12":"product_tag-compra-1-leva-1","13":"product_tag-cosmetica-asiatica","14":"product_tag-esfoliantes-e-mascaras-faciais","15":"product_tag-leva-3-paga-2","16":"product_tag-manchas","17":"product_tag-mascara-de-ouro-para-o-rosto","18":"product_tag-mista-ou-oleosa","19":"product_tag-normal","20":"product_tag-ouro-pele","21":"product_tag-poros-dilatados","22":"product_tag-produtos-da-tailandia","23":"product_tag-produtos-para-rosto","24":"product_shipping_class-armazem-tailandia","26":"first","27":"instock","28":"taxable","29":"shipping-taxable","30":"purchasable","31":"product-type-simple"},"_links":{"self":[{"href":"https:\/\/neuzamariano.com\/loja\/wp-json\/wp\/v2\/product\/47251","targetHints":{"allow":["GET"]}}],"collection":[{"href":"https:\/\/neuzamariano.com\/loja\/wp-json\/wp\/v2\/product"}],"about":[{"href":"https:\/\/neuzamariano.com\/loja\/wp-json\/wp\/v2\/types\/product"}],"replies":[{"embeddable":true,"href":"https:\/\/neuzamariano.com\/loja\/wp-json\/wp\/v2\/comments?post=47251"}],"wp:featuredmedia":[{"embeddable":true,"href":"https:\/\/neuzamariano.com\/loja\/wp-json\/wp\/v2\/media\/71104"}],"wp:attachment":[{"href":"https:\/\/neuzamariano.com\/loja\/wp-json\/wp\/v2\/media?parent=47251"}],"wp:term":[{"taxonomy":"product_brand","embeddable":true,"href":"https:\/\/neuzamariano.com\/loja\/wp-json\/wp\/v2\/products\/brands?post=47251"},{"taxonomy":"product_cat","embeddable":true,"href":"https:\/\/neuzamariano.com\/loja\/wp-json\/wp\/v2\/product_cat?post=47251"},{"taxonomy":"product_tag","embeddable":true,"href":"https:\/\/neuzamariano.com\/loja\/wp-json\/wp\/v2\/product_tag?post=47251"}],"curies":[{"name":"wp","href":"https:\/\/api.w.org\/{rel}","templated":true}]}}