{"id":45139,"date":"2020-11-24T22:19:00","date_gmt":"2020-11-24T15:19:00","guid":{"rendered":"https:\/\/neuzamariano.com\/?post_type=product&#038;p=45139"},"modified":"2026-03-19T17:25:18","modified_gmt":"2026-03-19T10:25:18","slug":"innisfree-my-real-squeeze-mask-shea-butter","status":"publish","type":"product","link":"https:\/\/neuzamariano.com\/loja\/innisfree-my-real-squeeze-mask-shea-butter\/","title":{"rendered":"Innisfree My Real Squeeze Mask Shea Butter"},"content":{"rendered":"<p style=\"text-align: justify\">Esta rica m\u00e1scara real tipo creme, enriquecida com manteiga de karit\u00e9 hidratante, hidrata profundamente a pele seca e desidratada.<\/p>\n<p style=\"text-align: justify\"><strong>100% celulose & folha de ajuste perfeito \u00e0 pele<\/strong><br \/>\nEsta m\u00e1scara de folha fina \u00e9 feita de eucalipto, com melhor ader\u00eancia na pele, efectivamente entrega ess\u00eancia na pele.<\/p>\n<p style=\"text-align: justify\">.\u00a0 O \u2018Easy Peel Design\u2019 que possui uma al\u00e7a na parte superior da folha torna a aplica\u00e7\u00e3o e a remo\u00e7\u00e3o mais convenientes.<\/p>\n<p style=\"text-align: justify\">. Cheio de ingredientes ricos! ALIMENTA\u00c7\u00c3O DE NUTRI\u00c7\u00c3O!<br \/>\nO \u201cCold Brew Squeeze Process\u201d, que extrai os ingredientes lentamente a baixas temperaturas, garante que todos os nutrientes sejam completamente absorvidos pela pele.<\/p>\n<p style=\"text-align: justify\">. Cada folha cheia de benef\u00edcios espec\u00edficos para a pele!<br \/>\nEsta m\u00e1scara em folha, ideal para uso di\u00e1rio, tem tipos de \u00e1gua refrescantes (6 variedades), tipos de soro ricos em humidadeidrata\u00e7\u00e3o (6 variedades) e tipos de creme ricos (6 variedades), cada um com diferentes benef\u00edcios para a pele.<\/p>\n<p style=\"text-align: justify\">. Complexo verde de Jeju X Manteiga de Karit\u00e9 = Nutritivo e Hidratante!<br \/>\nGra\u00e7as \u00e0 dedica\u00e7\u00e3o sincera da innisfree, o complexo verde Jeju (ch\u00e1 verde, tangerina, cacto, folhas de cam\u00e9lia e orqu\u00eddea) e a manteiga de karit\u00e9 macia nutrem e hidratam intensamente a pele.<\/p>\n<p><img fetchpriority=\"high\" decoding=\"async\" class=\"alignnone wp-image-45522 size-full\" src=\"https:\/\/neuzamariano.com\/wp-content\/uploads\/2020\/12\/Mascara-Facial-de-Pessego-e-Probioticos-5.jpg\" alt=\"Manteiga de Karit\u00e9 Sheet Mask\" width=\"970\" height=\"600\" title=\"\" srcset=\"https:\/\/neuzamariano.com\/loja\/wp-content\/uploads\/sites\/2\/2020\/12\/Mascara-Facial-de-Pessego-e-Probioticos-5.jpg 970w, https:\/\/neuzamariano.com\/loja\/wp-content\/uploads\/sites\/2\/2020\/12\/Mascara-Facial-de-Pessego-e-Probioticos-5-670x414.jpg 670w, https:\/\/neuzamariano.com\/loja\/wp-content\/uploads\/sites\/2\/2020\/12\/Mascara-Facial-de-Pessego-e-Probioticos-5-300x186.jpg 300w, https:\/\/neuzamariano.com\/loja\/wp-content\/uploads\/sites\/2\/2020\/12\/Mascara-Facial-de-Pessego-e-Probioticos-5-768x475.jpg 768w\" sizes=\"(max-width: 970px) 100vw, 970px\" \/><\/p>\n","protected":false},"excerpt":{"rendered":"<p>face cream<\/p>\n","protected":false},"featured_media":67028,"comment_status":"open","ping_status":"closed","template":"","meta":{"inline_featured_image":false},"products\/brands":[],"product_cat":[5115,8739,8706],"product_tag":[5038,17371,22519,2092,2339,4703,4451,4740,5786,4037,4444,4455],"class_list":{"0":"post-45139","1":"product","2":"type-product","3":"status-publish","4":"has-post-thumbnail","6":"product_cat-cuidados-de-pele","7":"product_cat-mascaras-de-folha","8":"product_cat-mascaras-faciais","9":"product_tag-armazem-krabi","10":"product_tag-black-friday","11":"product_tag-compra-1-leva-1","12":"product_tag-cosmetica-asiatica","13":"product_tag-cosmetica-coreana","14":"product_tag-menos-15-euros","15":"product_tag-esfoliantes-e-mascaras-faciais","16":"product_tag-innisfree-my-real-squeeze-mask-shea-butter","17":"product_tag-leva-3-paga-2","18":"product_tag-menos-10e","19":"product_tag-pele-seca","20":"product_tag-sheet-masks","21":"product_shipping_class-armazem-tailandia","23":"first","24":"instock","25":"taxable","26":"shipping-taxable","27":"purchasable","28":"product-type-simple"},"_links":{"self":[{"href":"https:\/\/neuzamariano.com\/loja\/wp-json\/wp\/v2\/product\/45139","targetHints":{"allow":["GET"]}}],"collection":[{"href":"https:\/\/neuzamariano.com\/loja\/wp-json\/wp\/v2\/product"}],"about":[{"href":"https:\/\/neuzamariano.com\/loja\/wp-json\/wp\/v2\/types\/product"}],"replies":[{"embeddable":true,"href":"https:\/\/neuzamariano.com\/loja\/wp-json\/wp\/v2\/comments?post=45139"}],"wp:featuredmedia":[{"embeddable":true,"href":"https:\/\/neuzamariano.com\/loja\/wp-json\/wp\/v2\/media\/67028"}],"wp:attachment":[{"href":"https:\/\/neuzamariano.com\/loja\/wp-json\/wp\/v2\/media?parent=45139"}],"wp:term":[{"taxonomy":"product_brand","embeddable":true,"href":"https:\/\/neuzamariano.com\/loja\/wp-json\/wp\/v2\/products\/brands?post=45139"},{"taxonomy":"product_cat","embeddable":true,"href":"https:\/\/neuzamariano.com\/loja\/wp-json\/wp\/v2\/product_cat?post=45139"},{"taxonomy":"product_tag","embeddable":true,"href":"https:\/\/neuzamariano.com\/loja\/wp-json\/wp\/v2\/product_tag?post=45139"}],"curies":[{"name":"wp","href":"https:\/\/api.w.org\/{rel}","templated":true}]}}