{"id":39548,"date":"2020-03-27T10:15:00","date_gmt":"2020-03-27T03:15:00","guid":{"rendered":"https:\/\/neuzamariano.com\/?post_type=product&#038;p=39548"},"modified":"2026-03-19T17:30:59","modified_gmt":"2026-03-19T10:30:59","slug":"mascara-facial-de-bolhas-desintoxicante-de-carvao","status":"publish","type":"product","link":"https:\/\/neuzamariano.com\/loja\/mascara-facial-de-bolhas-desintoxicante-de-carvao\/","title":{"rendered":"M\u00e1scara Facial de Bolhas &#8211; Desintoxicante de Carv\u00e3o"},"content":{"rendered":"<p style=\"text-align: justify\">Estas m\u00e1scaras ficaram bastante conhecidas pela sua efic\u00e1cia, e por serem bastante peculiares. A sua embalagem traz o produto que se encontra sem acesso ao oxig\u00e9nio, e quando aplicas no teu rosto, em poucos segundos ficar\u00e1s com a m\u00e1scara transformada em bolhas. Isto acontece pois os seus ingredientes reagem ao contacto com o oxig\u00e9nio. Para al\u00e9m dos ingredientes promoveram uma limpeza profunda \u00e0 tua pele, enquanto tens o produto na pele, a forma\u00e7\u00e3o das bolhas faz um movimento que ajuda a que o produto<strong> limpe em profundidade os teus poros<\/strong>.<\/p>\n<h5 style=\"text-align: justify\">Como Usar a M\u00e1scara Facial de Bolhas<\/h5>\n<p style=\"text-align: justify\">Podes usar esta m\u00e1scara de limpeza profunda tanto na tua rotina de <em>skincare<\/em> diurna ou na nocturna. O importante \u00e9 que tenhas a pele limpa e sem qualquer produto antes de a aplicares. Por isso, ap\u00f3s fazeres a tua rotina de limpeza facial, deixa a pele secar completamente. Esta m\u00e1scara traz duas saquetas, por isso poder\u00e1s usar em dois momentos. Abre uma delas e aplica no teu rosto todo. Podes aplicar com os dedos ou com um pincel. Aplica a m\u00e1scara na tua zona T: testa, nariz e queixo. Depois no resto do teu rosto.<\/p>\n<p style=\"text-align: justify\">Ap\u00f3s poucos segundos vais notar que a m\u00e1scara se transforma a n\u00edvel da sua cor. Quando a aplicamos no rosto ela \u00e9 transparente. Em contacto com a tua pele e com o oxig\u00e9nio vai come\u00e7ando a fiar cinzenta clara e por fim quase branca.<\/p>\n<h5 style=\"text-align: justify\">Com que frequ\u00eancia usar:<\/h5>\n<p style=\"text-align: justify\">Depende do teu tipo de pele. Por\u00e9m, se tens a pele mista a oleosa poder\u00e1s usar duas a tr\u00eas vezes por semana. Uma pele mais seca, talvez uma vez por semana.<\/p>\n<h5 style=\"text-align: justify\">Para que tipo de pele \u00e9 mais adequado:<\/h5>\n<p style=\"text-align: justify\">Esta m\u00e1scara \u00e9 adequada a todos os tipos de pele. Se tiveres a pele mista a oleosa poder\u00e1s \u00e9 usar com maior frequ\u00eancia, mas uma pele seca beneficiar\u00e1 igualmente das grandes vantagens desta M\u00e1scara Facial de Bolhas.<\/p>\n<h5 style=\"text-align: justify\">Qual a import\u00e2ncia de ter a pele bem limpa?<\/h5>\n<p style=\"text-align: justify\">A limpeza da pele \u00e9 fundamental para obter bons resultados seja qual for o tratamento. E n\u00e3o estou a falar s\u00f3 de uma limpeza antes de aplicar o tratamento no rosto, mas sim uma boa limpeza de pele di\u00e1ria adequada ao teu tipo e estado da pele.<\/p>\n<p style=\"text-align: justify\">Os poros dilatados s\u00e3o uma caracter\u00edstica das pessoas que tendem a ter uma pele oleosa ou mista, e por isso aconselho quanto a rotina de limpeza, a de manh\u00e3, fazer uma limpeza superficial com uma \u00e1gua micelar. N\u00e3o esquecer de passar sempre por \u00e1gua, independentemente do que diz no r\u00f3tulo do produto. Quando lavamos a loi\u00e7a tamb\u00e9m passamos por \u00e1gua depois do Detergente certo? Com o nosso rosto tamb\u00e9m devemos ter esse cuidado. \u00c0 noite antes de dormir\u00a0 fazer uma boa limpeza com um <a href=\"https:\/\/youtu.be\/Q1rh5x5VOww\" target=\"_blank\" rel=\"noopener noreferrer\">Cleansing Oil<\/a>, por exemplo.<\/p>\n<p style=\"text-align: justify\">Para melhores resultados a seguir de usares a m\u00e1scara passa um t\u00f3nico facial e de seguida aplica o\u00a0<a href=\"https:\/\/neuzamariano.com\/loja\/creme-de-noite-perola\" target=\"_blank\" rel=\"noopener noreferrer\">Creme de Noite P\u00e9rola<\/a>. Ir\u00e1 ajudar-te bastante a uniformizar a tua pele. Reduz a apar\u00eancia dos poros abertos e elimina manchas, sejam elas melasma ou manchas de gravidez.<\/p>\n<p style=\"text-align: justify\">Clareamento eficaz e creme anti-inflamat\u00f3rio. Elimina manchas, uniformiza a pele, sardas e marcas de acne. Protege a pele dos raios do sol. O creme cont\u00e9m p\u00f3 de p\u00e9rola, que d\u00e1 brilho \u00e0 pele e, literalmente, a partir da primeira aplica\u00e7\u00e3o, clareia significativamente a pigmenta\u00e7\u00e3o. O creme tamb\u00e9m pode ser usado para o tratamento de herpes labial nos l\u00e1bios.<\/p>\n<p>&nbsp;<\/p>\n<p><strong>Esta embalagem d\u00e1 para ser usada em 2 utiliza\u00e7\u00f5es.<\/strong><\/p>\n","protected":false},"excerpt":{"rendered":"<p>facial mask<\/p>\n","protected":false},"featured_media":67045,"comment_status":"open","ping_status":"closed","template":"","meta":{"inline_featured_image":false},"products\/brands":[],"product_cat":[5115,8739,8706],"product_tag":[5038,17371,4430,2391,22519,2092,4703,3960,5786,2389,2390,4037,4443,4448],"class_list":{"0":"post-39548","1":"product","2":"type-product","3":"status-publish","4":"has-post-thumbnail","6":"product_cat-cuidados-de-pele","7":"product_cat-mascaras-de-folha","8":"product_cat-mascaras-faciais","9":"product_tag-armazem-krabi","10":"product_tag-black-friday","11":"product_tag-borbulhas-e-pontos-negros","12":"product_tag-bubble-mask","13":"product_tag-compra-1-leva-1","14":"product_tag-cosmetica-asiatica","15":"product_tag-menos-15-euros","16":"product_tag-japao","17":"product_tag-leva-3-paga-2","18":"product_tag-mascara-borbulhante","19":"product_tag-mascara-facial-de-bolhas","20":"product_tag-menos-10e","21":"product_tag-mista-ou-oleosa","22":"product_tag-produtos-para-rosto","23":"product_shipping_class-armazem-tailandia","25":"first","26":"instock","27":"taxable","28":"shipping-taxable","29":"purchasable","30":"product-type-simple"},"_links":{"self":[{"href":"https:\/\/neuzamariano.com\/loja\/wp-json\/wp\/v2\/product\/39548","targetHints":{"allow":["GET"]}}],"collection":[{"href":"https:\/\/neuzamariano.com\/loja\/wp-json\/wp\/v2\/product"}],"about":[{"href":"https:\/\/neuzamariano.com\/loja\/wp-json\/wp\/v2\/types\/product"}],"replies":[{"embeddable":true,"href":"https:\/\/neuzamariano.com\/loja\/wp-json\/wp\/v2\/comments?post=39548"}],"wp:featuredmedia":[{"embeddable":true,"href":"https:\/\/neuzamariano.com\/loja\/wp-json\/wp\/v2\/media\/67045"}],"wp:attachment":[{"href":"https:\/\/neuzamariano.com\/loja\/wp-json\/wp\/v2\/media?parent=39548"}],"wp:term":[{"taxonomy":"product_brand","embeddable":true,"href":"https:\/\/neuzamariano.com\/loja\/wp-json\/wp\/v2\/products\/brands?post=39548"},{"taxonomy":"product_cat","embeddable":true,"href":"https:\/\/neuzamariano.com\/loja\/wp-json\/wp\/v2\/product_cat?post=39548"},{"taxonomy":"product_tag","embeddable":true,"href":"https:\/\/neuzamariano.com\/loja\/wp-json\/wp\/v2\/product_tag?post=39548"}],"curies":[{"name":"wp","href":"https:\/\/api.w.org\/{rel}","templated":true}]}}