{"id":192602,"date":"2025-12-12T09:53:13","date_gmt":"2025-12-12T02:53:13","guid":{"rendered":"https:\/\/neuzamariano.com\/loja\/?post_type=product&#038;p=192602"},"modified":"2026-03-20T22:30:48","modified_gmt":"2026-03-20T15:30:48","slug":"meishoku-medicated-whitening-essence-cream-w-55g","status":"publish","type":"product","link":"https:\/\/neuzamariano.com\/loja\/meishoku-medicated-whitening-essence-cream-w-55g\/","title":{"rendered":"Meishoku Medicated Whitening Essence Cream W 55g"},"content":{"rendered":"<h2 data-path-to-node=\"2\">Meishoku Medicated Whitening Essence Cream<\/h2>\n<p data-path-to-node=\"3\"><b>Descri\u00e7\u00e3o do Produto<\/b><\/p>\n<p data-path-to-node=\"4\">O Meishoku Medicated Whitening Essence Cream \u00e9 um creme facial multifuncional de alta performance desenvolvido no Jap\u00e3o, que combina o poder de um s\u00e9rum de ess\u00eancia e a hidrata\u00e7\u00e3o intensa de um creme. \u00c9 formulado para combater ativamente as manchas escuras, sardas e a hiperpigmenta\u00e7\u00e3o, atuando no clareamento e na uniformiza\u00e7\u00e3o do tom da pele, ao mesmo tempo que proporciona hidrata\u00e7\u00e3o profunda. A sua textura rica, mas n\u00e3o oleosa, \u00e9 absorvida eficazmente, deixando a pele macia, suave e visivelmente mais luminosa. Este produto \u00e9 classificado como \u201cmedicado\u201d (Yakuyou) no Jap\u00e3o, o que significa que cont\u00e9m ingredientes ativos aprovados pelo Minist\u00e9rio da Sa\u00fade, Trabalho e Bem-Estar do Jap\u00e3o para efeitos espec\u00edficos de tratamento e cuidado da pele.<\/p>\n<hr data-path-to-node=\"5\" \/>\n<h3 data-path-to-node=\"6\">Ingredientes Ativos Principais e Benef\u00edcios<\/h3>\n<p data-path-to-node=\"7\">Este creme baseia a sua efic\u00e1cia em ingredientes ativos espec\u00edficos que atuam no clareamento e na sa\u00fade da pele:<\/p>\n<ul data-path-to-node=\"8\">\n<li>\n<p data-path-to-node=\"8,0,0\"><b>Placenta Branca (White Placenta):<\/b> \u00c9 o principal ingrediente ativo de clareamento. Beneficia a pele ao inibir a produ\u00e7\u00e3o excessiva de melanina, ajudando a prevenir o aparecimento de sardas e manchas escuras. Promove tamb\u00e9m a renova\u00e7\u00e3o celular e contribui para uma pele mais radiante e transparente.<\/p>\n<p data-path-to-node=\"1\">Para a pele que est\u00e1 a passar por mudan\u00e7as graduais e sinais de envelhecimento \u2014 n\u00e3o apenas manchas escuras e rugas, mas tamb\u00e9m preocupa\u00e7\u00f5es como firmeza, textura, opacidade e linhas finas.<\/p>\n<p data-path-to-node=\"2\">Infundimos uma alta concentra\u00e7\u00e3o de placenta japonesa <i>premium<\/i> para fornecer resultados reais para as suas preocupa\u00e7\u00f5es de pele.<\/p>\n<\/li>\n<li>\n<p data-path-to-node=\"8,1,0\"><b>Vitamina E (Tocoferol):<\/b> Atua como um poderoso antioxidante. Protege a pele contra os danos dos radicais livres e do stress oxidativo, ajudando a prevenir o envelhecimento precoce. Adicionalmente, melhora a circula\u00e7\u00e3o e mant\u00e9m a pele hidratada e com maior elasticidade.<\/p>\n<\/li>\n<\/ul>\n<p data-path-to-node=\"9\"><b>Outros Ingredientes Chave:<\/b><\/p>\n<p data-path-to-node=\"10\">O produto cont\u00e9m outros componentes importantes para a hidrata\u00e7\u00e3o e firmeza:<\/p>\n<ul data-path-to-node=\"11\">\n<li>\n<p data-path-to-node=\"11,0,0\"><b>Colag\u00e9nio:<\/b> Ajuda a pele a reter a hidrata\u00e7\u00e3o, melhorando significativamente a elasticidade e a firmeza.<\/p>\n<\/li>\n<li>\n<p data-path-to-node=\"11,1,0\"><b>Extratos de Cevada (Hatomugi\/Coix Seed):<\/b> Conhecido pelas suas propriedades hidratantes e de melhoria da textura da pele, conferindo suavidade e auxiliando na reten\u00e7\u00e3o de \u00e1gua.<\/p>\n<\/li>\n<li>\n<p data-path-to-node=\"11,2,0\"><b>Glicerina:<\/b> Atua como um agente humectante essencial, atraindo a \u00e1gua para a camada superior da pele, garantindo uma hidrata\u00e7\u00e3o duradoura e conforto.<\/p>\n<\/li>\n<\/ul>\n<hr data-path-to-node=\"12\" \/>\n<h3 data-path-to-node=\"13\">Destinado a Que Tipo de Pele<\/h3>\n<p data-path-to-node=\"14\">Este creme \u00e9 ideal para as seguintes condi\u00e7\u00f5es de pele:<\/p>\n<ul data-path-to-node=\"15\">\n<li>\n<p data-path-to-node=\"15,0,0\">\u00c9 adequado para <b>todos os tipos de pele<\/b>, mas \u00e9 especialmente ben\u00e9fico para pele normal a seca ou pele madura que necessita de nutri\u00e7\u00e3o intensa.<\/p>\n<\/li>\n<li>\n<p data-path-to-node=\"15,1,0\">Peles com <b>preocupa\u00e7\u00f5es de pigmenta\u00e7\u00e3o<\/b>, como manchas solares, sardas, marcas escuras de acne e melasma leve, que procuram um tratamento de clareamento.<\/p>\n<\/li>\n<li>\n<p data-path-to-node=\"15,2,0\">Peles que desejam alcan\u00e7ar um <b>tom mais uniforme, luminoso e transparente<\/b>.<\/p>\n<\/li>\n<li>\n<p data-path-to-node=\"15,3,0\">Peles que procuram <b>hidrata\u00e7\u00e3o e nutri\u00e7\u00e3o<\/b> di\u00e1rias para combater a secura e a perda de elasticidade.<\/p>\n<\/li>\n<\/ul>\n<blockquote data-path-to-node=\"16\">\n<p data-path-to-node=\"16,0\"><b>Nota:<\/b> Devido \u00e0 sua textura rica, as pessoas com pele muito oleosa podem obter melhores resultados ao us\u00e1-lo apenas como um tratamento noturno.<\/p>\n<\/blockquote>\n<hr data-path-to-node=\"17\" \/>\n<h3 data-path-to-node=\"18\">Modo de Uso<\/h3>\n<p data-path-to-node=\"19\">O Meishoku Medicated Whitening Essence Cream deve ser aplicado como o <b>\u00faltimo passo<\/b> da sua rotina de cuidados com a pele, podendo ser usado de manh\u00e3 e \u00e0 noite.<\/p>\n<ol start=\"1\" data-path-to-node=\"20\">\n<li>\n<p data-path-to-node=\"20,0,0\"><b>Prepara\u00e7\u00e3o:<\/b> Ap\u00f3s limpar, tonificar a pele e aplicar o seu s\u00e9rum ou ess\u00eancia (se aplic\u00e1vel), retire uma quantidade do tamanho de uma p\u00e9rola na ponta dos dedos.<\/p>\n<\/li>\n<li>\n<p data-path-to-node=\"20,1,0\"><b>Aplica\u00e7\u00e3o:<\/b> Distribua suavemente o creme por todo o rosto, pesco\u00e7o e colo.<\/p>\n<\/li>\n<li>\n<p data-path-to-node=\"20,2,0\"><b>Massagem:<\/b> Massaje suavemente com movimentos ascendentes e circulares at\u00e9 que o produto seja completamente absorvido pela pele.<\/p>\n<\/li>\n<li>\n<p data-path-to-node=\"20,3,0\"><b>Uso Di\u00e1rio (Diurno):<\/b> Se usar o creme durante o dia, a aplica\u00e7\u00e3o de um protetor solar de amplo espectro por cima \u00e9 <b>absolutamente crucial<\/b>. Os ingredientes clareadores tornam a pele mais sens\u00edvel \u00e0 exposi\u00e7\u00e3o solar, e o protetor solar \u00e9 fundamental para prevenir o reaparecimento das manchas.<\/p>\n<\/li>\n<\/ol>\n<hr data-path-to-node=\"21\" \/>\n<h3 data-path-to-node=\"22\">Informa\u00e7\u00f5es Adicionais<\/h3>\n<ul data-path-to-node=\"23\">\n<li>\n<p data-path-to-node=\"23,0,0\"><b>Pa\u00eds de Origem:<\/b> Jap\u00e3o.<\/p>\n<\/li>\n<li>\n<p data-path-to-node=\"23,1,0\"><b>Fun\u00e7\u00e3o Principal:<\/b> Clareamento, Hidrata\u00e7\u00e3o, Antienvelhecimento Suave.<\/p>\n<\/li>\n<li>\n<p data-path-to-node=\"23,2,0\"><b>Textura:<\/b> Creme rico, mas que se espalha bem e \u00e9 absorvido eficazmente, sem deixar res\u00edduos pegajosos.<\/p>\n<\/li>\n<li>\n<p data-path-to-node=\"23,3,0\"><b>Formula\u00e7\u00e3o:<\/b> Produto \u201cmedicado\u201d (Medicated\/Yakuyou).<\/p>\n<\/li>\n<li>\n<p data-path-to-node=\"23,4,0\"><b>Resultados Esperados:<\/b> Com o uso regular e cont\u00ednuo, espera-se que a pele fique visivelmente mais clara, o tom mais uniforme e a apar\u00eancia geral mais saud\u00e1vel e jovem.<\/p>\n<\/li>\n<\/ul>\n<hr data-path-to-node=\"24\" \/>\n<h3 data-path-to-node=\"25\">Dicas de Utiliza\u00e7\u00e3o<\/h3>\n<ul data-path-to-node=\"26\">\n<li>\n<p data-path-to-node=\"26,0,0\">Pode ser utilizado como um <b>tratamento intensivo localizado<\/b> em \u00e1reas com maior concentra\u00e7\u00e3o de manchas escuras, aplicando-se uma camada ligeiramente mais espessa nessas regi\u00f5es.<\/p>\n<\/li>\n<li>\n<p data-path-to-node=\"26,1,0\">\u00c9 especialmente recomendado para a <b>rotina noturna<\/b> devido \u00e0 sua capacidade de nutri\u00e7\u00e3o e repara\u00e7\u00e3o intensiva, apoiando a regenera\u00e7\u00e3o da pele durante o sono.<\/p>\n<\/li>\n<\/ul>\n<p>Active ingredients: Placenta extract-1, tocopherol acetate Other ingredients: hydrolyzed collagen liquid (4), coix seed extract, mulberry extract, DL-PCA Na liquid, DL-malic acid, rice bran oil, rice bran sphingoglycolipid, soybean phospholipid, concentrated glycerin, DPG, ethylhexyl palmitate, octyldodecanol, hydrogenated oil, viscosity adjuster, POE glyceryl stearate, POE hydrogenated castor oil, polyglyceryl stearate, pH adjuster, EDTA-2Na, BG, oxyproline, glycerin, polyglyceryl oleate, methacryloyloxyethyl phosphorylcholine\/butyl methacrylate copolymer liquid, tri(capryl\/capric acid)glyceryl, phenoxyethanol, paraben, fragrance<\/p>\n","protected":false},"excerpt":{"rendered":"<p>Descubra Meishoku Medicated Whitening Essence Cream W 55g \u2014 um produto de beleza asi\u00e1tica aut\u00eantico dispon\u00edvel na Neuza Mariano.<\/p>\n","protected":false},"featured_media":192603,"comment_status":"open","ping_status":"closed","template":"","meta":{"inline_featured_image":false},"products\/brands":[],"product_cat":[8701,5115,8700],"product_tag":[4441,1938,4443,4454,4444,4445,4436],"class_list":{"0":"post-192602","1":"product","2":"type-product","3":"status-publish","4":"has-post-thumbnail","6":"product_cat-cremes-hidratantes","7":"product_cat-cuidados-de-pele","8":"product_cat-hidratacao-facial","9":"product_tag-manchas","10":"product_tag-melasma","11":"product_tag-mista-ou-oleosa","12":"product_tag-normal","13":"product_tag-pele-seca","14":"product_tag-pele-sensivel-e-reativa","15":"product_tag-sinais-de-envelhecimento","17":"first","18":"instock","19":"taxable","20":"shipping-taxable","21":"purchasable","22":"product-type-simple"},"_links":{"self":[{"href":"https:\/\/neuzamariano.com\/loja\/wp-json\/wp\/v2\/product\/192602","targetHints":{"allow":["GET"]}}],"collection":[{"href":"https:\/\/neuzamariano.com\/loja\/wp-json\/wp\/v2\/product"}],"about":[{"href":"https:\/\/neuzamariano.com\/loja\/wp-json\/wp\/v2\/types\/product"}],"replies":[{"embeddable":true,"href":"https:\/\/neuzamariano.com\/loja\/wp-json\/wp\/v2\/comments?post=192602"}],"wp:featuredmedia":[{"embeddable":true,"href":"https:\/\/neuzamariano.com\/loja\/wp-json\/wp\/v2\/media\/192603"}],"wp:attachment":[{"href":"https:\/\/neuzamariano.com\/loja\/wp-json\/wp\/v2\/media?parent=192602"}],"wp:term":[{"taxonomy":"product_brand","embeddable":true,"href":"https:\/\/neuzamariano.com\/loja\/wp-json\/wp\/v2\/products\/brands?post=192602"},{"taxonomy":"product_cat","embeddable":true,"href":"https:\/\/neuzamariano.com\/loja\/wp-json\/wp\/v2\/product_cat?post=192602"},{"taxonomy":"product_tag","embeddable":true,"href":"https:\/\/neuzamariano.com\/loja\/wp-json\/wp\/v2\/product_tag?post=192602"}],"curies":[{"name":"wp","href":"https:\/\/api.w.org\/{rel}","templated":true}]}}