{"id":16547,"date":"2018-12-18T16:08:00","date_gmt":"2018-12-18T09:08:00","guid":{"rendered":"https:\/\/www.neuzamariano.com\/new\/produto\/mascara-facial-de-aloe-vera\/"},"modified":"2026-03-19T17:40:56","modified_gmt":"2026-03-19T10:40:56","slug":"innisfree-my-real-squeeze-mask-aloe","status":"publish","type":"product","link":"https:\/\/neuzamariano.com\/loja\/innisfree-my-real-squeeze-mask-aloe\/","title":{"rendered":"Innisfree My Real Squeeze Mask Aloe"},"content":{"rendered":"<p>A embalagem cont\u00e9m uma m\u00e1scara de pano embebida em produtos naturais. A M\u00e1scara facial de Aloe Vera ajuda a pele a estar equilibrada de uma forma geral. Vai reduzir a apar\u00eancia de brilhos, especialmente na zona T, na testa, no nariz e no queixo.<\/p>\n<p>Ajuda a tratar a acne seja ela na adolesc\u00eancia ou em fase adulta. A planta de Aloe Vera, \u00e9 um cacto muito poderoso, e usado desde a antiguidade. As suas propriedades s\u00e3o incontorn\u00e1veis.<\/p>\n<p>Benef\u00edcios:<\/p>\n<ul>\n<li>\u00c9 uma planta\u00a0antibacteriana e cicatrizante<\/li>\n<li>A\u00e7\u00e3o regeneradora<\/li>\n<li>Anti-envelhecimento e previne rugas<\/li>\n<li>Trata manchas do sol e da idade<\/li>\n<li>Trata a acne<\/li>\n<li>Alivia queimaduras solares<\/li>\n<li>\u00c9 um hidratante natural<\/li>\n<\/ul>\n<p style=\"text-align: justify\"><strong>\u00e1gua calmante!<\/strong><br \/>\n\u00c9 preenchido com complexo verde de Jeju (ch\u00e1 verde, tangerina, cacto, folhas de cam\u00e9lia e orqu\u00eddea) e o alo\u00e9s espremido proporciona \u00e0 pele fatigada um efeito hidratante e calmante.<\/p>\n<p><img fetchpriority=\"high\" decoding=\"async\" class=\"alignnone wp-image-46926 size-full\" src=\"https:\/\/neuzamariano.com\/wp-content\/uploads\/2021\/03\/Sheet-Mask-de-Coco-Peles-Sensiveis-1.jpg\" alt=\"M\u00e1scara facial de Aloe Vera - Acne e Manchas\" width=\"970\" height=\"600\" title=\"\" srcset=\"https:\/\/neuzamariano.com\/loja\/wp-content\/uploads\/sites\/2\/2021\/03\/Sheet-Mask-de-Coco-Peles-Sensiveis-1.jpg 970w, https:\/\/neuzamariano.com\/loja\/wp-content\/uploads\/sites\/2\/2021\/03\/Sheet-Mask-de-Coco-Peles-Sensiveis-1-670x414.jpg 670w, https:\/\/neuzamariano.com\/loja\/wp-content\/uploads\/sites\/2\/2021\/03\/Sheet-Mask-de-Coco-Peles-Sensiveis-1-300x186.jpg 300w, https:\/\/neuzamariano.com\/loja\/wp-content\/uploads\/sites\/2\/2021\/03\/Sheet-Mask-de-Coco-Peles-Sensiveis-1-768x475.jpg 768w\" sizes=\"(max-width: 970px) 100vw, 970px\" \/><\/p>\n<p>Poder\u00e1s ter interesse: <a href=\"https:\/\/neuzamariano.com\/loja\/pasta-de-dentes-natural-tailandesa\" target=\"_blank\" rel=\"noopener noreferrer\">Pasta de dentes natural Tailandesa<\/a>.<\/p>\n","protected":false},"excerpt":{"rendered":"<p>face gel<\/p>\n","protected":false},"featured_media":70936,"comment_status":"open","ping_status":"closed","template":"","meta":{"inline_featured_image":false},"products\/brands":[4414],"product_cat":[5115,8739,8706],"product_tag":[1892,1759,5038,1760,17371,4430,22519,2092,4703,4451,4420,5786,1761,4037,4443,4454,4448,2297,4455],"class_list":{"0":"post-16547","1":"product","2":"type-product","3":"status-publish","4":"has-post-thumbnail","6":"product_brand-innisfree","7":"product_cat-cuidados-de-pele","8":"product_cat-mascaras-de-folha","9":"product_cat-mascaras-faciais","10":"product_tag-acne-e-manchas","11":"product_tag-aloe-vera","12":"product_tag-armazem-krabi","13":"product_tag-babosa","14":"product_tag-black-friday","15":"product_tag-borbulhas-e-pontos-negros","16":"product_tag-compra-1-leva-1","17":"product_tag-cosmetica-asiatica","18":"product_tag-menos-15-euros","19":"product_tag-esfoliantes-e-mascaras-faciais","20":"product_tag-innisfree-my-real-squeeze-mask-aloe","21":"product_tag-leva-3-paga-2","22":"product_tag-mascara-facial-de-aloe-vera","23":"product_tag-menos-10e","24":"product_tag-mista-ou-oleosa","25":"product_tag-normal","26":"product_tag-produtos-para-rosto","27":"product_tag-sheet-mask","28":"product_tag-sheet-masks","29":"product_shipping_class-armazem-tailandia","31":"first","32":"instock","33":"taxable","34":"shipping-taxable","35":"purchasable","36":"product-type-simple"},"_links":{"self":[{"href":"https:\/\/neuzamariano.com\/loja\/wp-json\/wp\/v2\/product\/16547","targetHints":{"allow":["GET"]}}],"collection":[{"href":"https:\/\/neuzamariano.com\/loja\/wp-json\/wp\/v2\/product"}],"about":[{"href":"https:\/\/neuzamariano.com\/loja\/wp-json\/wp\/v2\/types\/product"}],"replies":[{"embeddable":true,"href":"https:\/\/neuzamariano.com\/loja\/wp-json\/wp\/v2\/comments?post=16547"}],"wp:featuredmedia":[{"embeddable":true,"href":"https:\/\/neuzamariano.com\/loja\/wp-json\/wp\/v2\/media\/70936"}],"wp:attachment":[{"href":"https:\/\/neuzamariano.com\/loja\/wp-json\/wp\/v2\/media?parent=16547"}],"wp:term":[{"taxonomy":"product_brand","embeddable":true,"href":"https:\/\/neuzamariano.com\/loja\/wp-json\/wp\/v2\/products\/brands?post=16547"},{"taxonomy":"product_cat","embeddable":true,"href":"https:\/\/neuzamariano.com\/loja\/wp-json\/wp\/v2\/product_cat?post=16547"},{"taxonomy":"product_tag","embeddable":true,"href":"https:\/\/neuzamariano.com\/loja\/wp-json\/wp\/v2\/product_tag?post=16547"}],"curies":[{"name":"wp","href":"https:\/\/api.w.org\/{rel}","templated":true}]}}