{"id":584,"date":"2020-10-13T06:47:01","date_gmt":"2020-10-13T06:47:01","guid":{"rendered":"http:\/\/localhost\/razzi\/?page_id=584"},"modified":"2023-06-23T16:43:29","modified_gmt":"2023-06-23T09:43:29","slug":"contactos","status":"publish","type":"page","link":"https:\/\/neuzamariano.com\/loja\/contactos\/","title":{"rendered":"Contactos"},"content":{"rendered":"\t\t<div data-elementor-type=\"wp-page\" data-elementor-id=\"584\" class=\"elementor elementor-584\">\n\t\t\t\t\t\t<section class=\"elementor-section elementor-top-section elementor-element elementor-element-49a0a05 elementor-section-boxed elementor-section-height-default elementor-section-height-default\" data-id=\"49a0a05\" data-element_type=\"section\" data-e-type=\"section\">\n\t\t\t\t\t\t<div class=\"elementor-container elementor-column-gap-default\">\n\t\t\t\t\t<div class=\"elementor-column elementor-col-100 elementor-top-column elementor-element elementor-element-0ae76dc\" data-id=\"0ae76dc\" data-element_type=\"column\" data-e-type=\"column\">\n\t\t\t<div class=\"elementor-widget-wrap elementor-element-populated\">\n\t\t\t\t\t\t<div class=\"elementor-element elementor-element-c315f70 elementor-widget elementor-widget-text-editor\" data-id=\"c315f70\" data-element_type=\"widget\" data-e-type=\"widget\" data-widget_type=\"text-editor.default\">\n\t\t\t\t<div class=\"elementor-widget-container\">\n\t\t\t\t\t\t\t\t\t<p>Tens alguma d\u00favida sobre o teu envio ou sobre a loja? Existe uma p\u00e1gina com as Quest\u00f5es Frequentes, onde poder\u00e1s ver respondida a tua quest\u00e3o. <strong><a href=\"https:\/\/neuzamariano.com\/loja-cosmetica-asiatica\/questoes-frequentes-faqs\/\">Clica aqui para visitares a p\u00e1gina.<\/a><\/strong><\/p><p>O servi\u00e7o de atendimento chat do Facebook, tamb\u00e9m poder\u00e1 responder \u00e0 grande maioria das quest\u00f5es ou d\u00favidas que possas ter. <strong><a href=\"https:\/\/m.me\/neuzajoanamariano\">Clica aqui para me contactares via Messenger.\u00a0<\/a><\/strong><\/p><p>Se me queres contactar via e-mail, por favor usa o formul\u00e1rio de contacto abaixo, e ter\u00e1s uma resposta no prazo m\u00e1ximo de 24 horas.<\/p><p>Tamb\u00e9m estou dispon\u00edvel telefonicamente via +66614433836 (custo de chamada internacional para Tail\u00e2ndia) das 9:00 \u00e0s 12:00 todos os dias.\u00a0<\/p>\t\t\t\t\t\t\t\t<\/div>\n\t\t\t\t<\/div>\n\t\t\t\t\t<\/div>\n\t\t<\/div>\n\t\t\t\t\t<\/div>\n\t\t<\/section>\n\t\t\t\t<section class=\"elementor-section elementor-top-section elementor-element elementor-element-e08212a elementor-section-boxed elementor-section-height-default elementor-section-height-default\" data-id=\"e08212a\" data-element_type=\"section\" data-e-type=\"section\">\n\t\t\t\t\t\t<div class=\"elementor-container elementor-column-gap-default\">\n\t\t\t\t\t<div class=\"elementor-column elementor-col-100 elementor-top-column elementor-element elementor-element-81d3935\" data-id=\"81d3935\" data-element_type=\"column\" data-e-type=\"column\">\n\t\t\t<div class=\"elementor-widget-wrap elementor-element-populated\">\n\t\t\t\t\t\t<div class=\"elementor-element elementor-element-e37e950 elementor-widget elementor-widget-wpforms\" data-id=\"e37e950\" data-element_type=\"widget\" data-e-type=\"widget\" data-widget_type=\"wpforms.default\">\n\t\t\t\t<div class=\"elementor-widget-container\">\n\t\t\t\t\t<div class=\"wpforms-container wpforms-container-full\" id=\"wpforms-43731\"><form id=\"wpforms-form-43731\" class=\"wpforms-validate wpforms-form\" data-formid=\"43731\" method=\"post\" enctype=\"multipart\/form-data\" action=\"\/loja\/wp-json\/wp\/v2\/pages\/584\" data-token=\"b6393541b378fe6057cd0a1d8a2ee972\" data-token-time=\"1777430938\"><noscript class=\"wpforms-error-noscript\">Please enable JavaScript in your browser to complete this form.<\/noscript><div class=\"wpforms-field-container\"><div id=\"wpforms-43731-field_0-container\" class=\"wpforms-field wpforms-field-name\" data-field-id=\"0\"><label class=\"wpforms-field-label\" for=\"wpforms-43731-field_0\">Nome <span class=\"wpforms-required-label\">*<\/span><\/label><div class=\"wpforms-field-row wpforms-field-large\"><div class=\"wpforms-field-row-block wpforms-first wpforms-one-half\"><input type=\"text\" id=\"wpforms-43731-field_0\" class=\"wpforms-field-name-first wpforms-field-required\" name=\"wpforms[fields][0][first]\" required><label for=\"wpforms-43731-field_0\" class=\"wpforms-field-sublabel after wpforms-sublabel-hide\">First<\/label><\/div><div class=\"wpforms-field-row-block wpforms-one-half\"><input type=\"text\" id=\"wpforms-43731-field_0-last\" class=\"wpforms-field-name-last wpforms-field-required\" name=\"wpforms[fields][0][last]\" required><label for=\"wpforms-43731-field_0-last\" class=\"wpforms-field-sublabel after wpforms-sublabel-hide\">Last<\/label><\/div><\/div><\/div><div id=\"wpforms-43731-field_1-container\" class=\"wpforms-field wpforms-field-email\" data-field-id=\"1\"><label class=\"wpforms-field-label\" for=\"wpforms-43731-field_1\">Email <span class=\"wpforms-required-label\">*<\/span><\/label><input type=\"email\" id=\"wpforms-43731-field_1\" class=\"wpforms-field-large wpforms-field-required\" name=\"wpforms[fields][1]\" spellcheck=\"false\" required><\/div><div id=\"wpforms-43731-field_3-container\" class=\"wpforms-field wpforms-field-select wpforms-field-select-style-classic\" data-field-id=\"3\"><label class=\"wpforms-field-label\" for=\"wpforms-43731-field_3\">Assunto <span class=\"wpforms-required-label\">*<\/span><\/label><select id=\"wpforms-43731-field_3\" class=\"wpforms-field-medium wpforms-field-required\" name=\"wpforms[fields][3]\" required=\"required\"><option value=\"Pretendo enviar uma mensagem\"  class=\"choice-4 depth-1\"  >Pretendo enviar uma mensagem<\/option><option value=\"Pretendo alterar os meus dados pessoais\"  class=\"choice-1 depth-1\"  >Pretendo alterar os meus dados pessoais<\/option><option value=\"Pretendo que apagues os meus dados pessoais\"  class=\"choice-2 depth-1\"  >Pretendo que apagues os meus dados pessoais<\/option><option value=\"Pretendo que me sejam enviados os dados pessoais que forneci ao teu site\"  class=\"choice-3 depth-1\"  >Pretendo que me sejam enviados os dados pessoais que forneci ao teu site<\/option><\/select><div class=\"wpforms-field-description\">Escolhe a op\u00e7\u00e3o que mais se adequa ao tipo de mensagem<\/div><\/div><div id=\"wpforms-43731-field_2-container\" class=\"wpforms-field wpforms-field-textarea\" data-field-id=\"2\"><label class=\"wpforms-field-label\" for=\"wpforms-43731-field_2\">Mensagem <span class=\"wpforms-required-label\">*<\/span><\/label><textarea id=\"wpforms-43731-field_2\" class=\"wpforms-field-medium wpforms-field-required\" name=\"wpforms[fields][2]\" required><\/textarea><div class=\"wpforms-field-description\">Por favor, descreve com a maior exactid\u00e3o possivel o teu problema, para que eu possa ser o mais c\u00e9lere poss\u00edvel a resolver.<\/div><\/div><\/div><!-- .wpforms-field-container --><div class=\"wpforms-recaptcha-container wpforms-is-hcaptcha\" ><div class=\"h-captcha\" data-sitekey=\"42dd25e7-c60c-4c6d-a3e4-c86e54392450\"><\/div><input type=\"text\" name=\"g-recaptcha-hidden\" class=\"wpforms-recaptcha-hidden\" style=\"position:absolute!important;clip:rect(0,0,0,0)!important;height:1px!important;width:1px!important;border:0!important;overflow:hidden!important;padding:0!important;margin:0!important;\" data-rule-hcaptcha=\"1\"><\/div><div class=\"wpforms-submit-container\" ><input type=\"hidden\" name=\"wpforms[id]\" value=\"43731\"><input type=\"hidden\" name=\"page_title\" value=\"\"><input type=\"hidden\" name=\"page_url\" value=\"https:\/\/neuzamariano.com\/loja\/wp-json\/wp\/v2\/pages\/584\"><input type=\"hidden\" name=\"url_referer\" value=\"\"><button type=\"submit\" name=\"wpforms[submit]\" id=\"wpforms-submit-43731\" class=\"wpforms-submit\" data-alt-text=\"A enviar...\" data-submit-text=\"Submeter\" aria-live=\"assertive\" value=\"wpforms-submit\">Submeter<\/button><\/div><\/form><\/div>  <!-- .wpforms-container -->\t\t\t\t<\/div>\n\t\t\t\t<\/div>\n\t\t\t\t\t<\/div>\n\t\t<\/div>\n\t\t\t\t\t<\/div>\n\t\t<\/section>\n\t\t\t\t<\/div>\n\t\t","protected":false},"excerpt":{"rendered":"<p>Tens alguma d\u00favida sobre o teu envio ou sobre a loja? Existe uma p\u00e1gina com as Quest\u00f5es Frequentes, onde poder\u00e1s ver respondida a tua quest\u00e3o. Clica aqui para visitares a p\u00e1gina. O servi\u00e7o de atendimento chat do Facebook, tamb\u00e9m poder\u00e1 responder \u00e0 grande maioria das quest\u00f5es ou d\u00favidas que possas ter. Clica aqui para me [&hellip;]<\/p>\n","protected":false},"author":1,"featured_media":0,"parent":0,"menu_order":0,"comment_status":"closed","ping_status":"closed","template":"","meta":{"inline_featured_image":false,"footnotes":""},"class_list":["post-584","page","type-page","status-publish","hentry"],"_links":{"self":[{"href":"https:\/\/neuzamariano.com\/loja\/wp-json\/wp\/v2\/pages\/584","targetHints":{"allow":["GET"]}}],"collection":[{"href":"https:\/\/neuzamariano.com\/loja\/wp-json\/wp\/v2\/pages"}],"about":[{"href":"https:\/\/neuzamariano.com\/loja\/wp-json\/wp\/v2\/types\/page"}],"author":[{"embeddable":true,"href":"https:\/\/neuzamariano.com\/loja\/wp-json\/wp\/v2\/users\/1"}],"replies":[{"embeddable":true,"href":"https:\/\/neuzamariano.com\/loja\/wp-json\/wp\/v2\/comments?post=584"}],"version-history":[{"count":0,"href":"https:\/\/neuzamariano.com\/loja\/wp-json\/wp\/v2\/pages\/584\/revisions"}],"wp:attachment":[{"href":"https:\/\/neuzamariano.com\/loja\/wp-json\/wp\/v2\/media?parent=584"}],"curies":[{"name":"wp","href":"https:\/\/api.w.org\/{rel}","templated":true}]}}